Suppose 7*l = -15*l + 220. Let s(n) = -n - 1. Give s(l).
-11
Let o(c) be the first derivative of -c**3/2 + c**2/2 - 4*c - 90. Let y(n) be the first derivative of o(n). Give y(2).
-5
Let v(h) = 24 + 2*h - 51 - 94 + 5*h. Determine v(17).
-2
Let w(f) = -28*f - 1008 + 2012 - 7*f**2 + 40*f - 1007 + f**3. What is w(2)?
1
Let p = 1323 + -941. Let m(n) = -13*n - 398 + 12*n + p. Determine m(-14).
-2
Let r(v) = 118*v**2 - 75*v + 58. Let s(a) = 43*a**2 - 26*a + 19. Let l(q) = 4*r(q) - 11*s(q). Determine l(-14).
23
Let i(q) be the second derivative of -1/6*q**3 + 0*q**2 + 2*q + 0 + 1/6*q**4 + 19/20*q**5. Let l(g) = -2*g**2 + 5*g + 103. Let k be l(-6). Calculate i(k).
20
Let u(g) be the third derivative of 2*g**2 + 1/2*g**3 + 83 + 1/60*g**5 + 0*g + 1/4*g**4. What is u(-4)?
-5
Let l = 6 + -1. Suppose 3*g - 5*t - 12 = -40, 5*t = -l. Let j(y) = -y - 14. Calculate j(g).
-3
Let k(a) = 8 - 2 - 1 + 491*a - 274*a - 220*a. Let b be (-3)/((-3)/10) + -2. Determine k(b).
-19
Suppose -11*h + 241 + 56 = 0. Let k(f) = -11*f - 13*f + h*f. Calculate k(-6).
-18
Let x(y) be the second derivative of -y**4/6 - y**3/6 + 3*y**2/2 + 25*y + 17. Determine x(-6).
-63
Suppose 5*f + 63 = -3*g, -13 = 3*f + 5*g + 12. Let k(y) = y**3 + 9*y**2 - 89*y + 14. Determine k(f).
-1
Let p(z) be the first derivative of -3*z**2 - 183*z - 29. Let l be p(-31). Let g(f) = -f**3 + 3*f**2 - f - 4. Give g(l).
-7
Let h = 165 + -70. Let b(q) = -h*q**2 + 4*q + 100*q**2 + 0*q - 3*q. Calculate b(1).
6
Let v(o) be the first derivative of -2*o**3/3 - 13*o**2/2 + 2*o + 152. Give v(-7).
-5
Let u(h) = -h**2 - h + 54. Suppose 50 = 5*c + 2*g, -c + 66*g + 3 = 65*g. Give u(c).
-18
Suppose -11 = 45*u - 43*u - 3. Let s(r) = 33*r + 112. What is s(u)?
-20
Let r be (-52)/(-39)*42/8. Let y(g) = 16*g - 115. Give y(r).
-3
Let s = 132 + -119. Let x(r) = 6*r**3 + 4*r - 5*r - 14 + s - r. Calculate x(-1).
-5
Let f(k) = -2*k**2 + 12*k + 8. Let t(o) = o**2 - o. Let m(i) = f(i) + 3*t(i). Suppose -5*b = -2*b + 12. Let c = -3 + b. Determine m(c).
-6
Let m(z) = -z**2 - 2*z + 3. Let f be 0 + 8 + -3 + -2. Suppose -3*d + 6 - f = 0. Let j be (7/(-21) + d)*(1 + -4). Calculate m(j).
3
Let r(n) = n - 3. Let s be r(-3). Let t(h) be the first derivative of 71 - 4*h - 1/2*h**2. Calculate t(s).
2
Let o(a) = -8*a + 0 + 5*a**2 + 1 + 3528*a**3 - 3527*a**3 + 2*a**2. Give o(-8).
1
Let u be ((-2)/(-3))/(5/30). Let x(q) = q + u - 2*q + 1 + 7 - 9. Determine x(-10).
13
Suppose g + 2*r - 2 = -0, 4*g - r - 17 = 0. Let a(z) = -z**3 + 4*z**3 + g*z**2 - 8*z**3 - 5 + 6*z**3 - z. Calculate a(-3).
7
Let m(y) = y - 6. Suppose 3*i + 8 = -4*c + 24, 3*c - 12 = -4*i. Suppose i = 8*z + z - 81. Calculate m(z).
3
Let d be (-2 + 2 - 3) + 5. Let f(p) = 2*p**3 - p**2 - 6*p + 3. Let r be f(d). Let c(k) = -3*k + 4 - 4*k + 3*k. Determine c(r).
-8
Let c(f) = 10*f + 2578. Let x(t) = 2*t + 483. Let h(a) = -3*c(a) + 16*x(a). Let u(r) = r**3 - 5*r**2 - 5*r + 1. Let z be u(6). Calculate h(z).
8
Suppose -3 = -5*g + 22, 5*m = -4*g - 15. Let d(f) = f**2 + 15*f + 5. What is d(m)?
-51
Let m(h) = 5*h**3 + 34. Let t(d) = 6*d**3 + d**2 - d + 35. Let y(l) = -7*m(l) + 6*t(l). What is y(-6)?
8
Let d(j) = -2*j**2 - 15*j - 2. Let i = 30 - -15. Let v(g) = 26*g**2 + 5*g + 3 + 11*g + 22*g**2 - i*g**2. Let t(q) = 4*d(q) + 3*v(q). What is t(12)?
1
Let n(l) = -8 - 3*l**2 + 2 + 2*l**2 + 8*l. Suppose 1166*j - 25 = 1161*j + 4*v, 4*j - v - 20 = 0. Determine n(j).
9
Let g(n) = n**3 + 11*n**2 - 51*n + 120. Let j be g(-15). Let x(b) = b**3 + 15*b**2 - 5*b - 32. Calculate x(j).
43
Let u(y) = 3*y**2 - 4*y + 3. Let z be (-94)/3*(3 + -6)*-1. Let m = z - -110. Suppose 0 = -m*q + 9 + 23. What is u(q)?
7
Let m(c) = -43*c - 129. Let y(q) = 32*q + 127. Let f(j) = 5*m(j) + 6*y(j). Give f(5).
2
Let h be -9 + (-1*1 - -1). Let l(d) = 3088*d + 22. Let x(n) = -206*n - 2. Let f(o) = -l(o) - 15*x(o). Determine f(h).
-10
Suppose 5*t = 19*z - 20*z + 26254, -5*t + z = -26256. Let y(j) = t + 5250 - 10502 + 7*j. Calculate y(1).
6
Let i(v) = -88 - 440 + 48*v - 186 - 206. Determine i(19).
-8
Let z(m) be the first derivative of 15*m**2/2 + 133*m - 7485. Determine z(-9).
-2
Let p(b) = 28*b**2 - 29*b - 27. Let s(f) = -135*f**2 + 143*f + 135. Let z(m) = -29*p(m) - 6*s(m). What is z(-6)?
3
Suppose 0 = c + 2 - 6. Suppose 0 = c*h - b - 13, -4*b - b - 17 = 4*h. Let g(r) = 2*r**2 - 66*r - 72*r - 71*r + 1 + 281*r - 70*r. Give g(h).
13
Let d(k) = k**3 - 10*k - 16 + 15*k + 14*k - 2*k**2 + 14*k**2 + 9*k. Calculate d(-9).
-25
Suppose -4*z = 5*g - 30, -2*z = g - 6*g. Let y(w) = 0*w**2 - z*w + 5*w**2 - 4*w**2 - 3 + w**3. Let l be 1/(1*2*(-2)/12). What is y(l)?
-6
Suppose -1951*q + 396 = -1947*q. Let n be q/36*-4 + 8. Let w(p) = p + 2. Give w(n).
-1
Let c(y) be the third derivative of y**5/60 + 5*y**4/24 - 3*y**3/2 + 250*y**2. Let k(g) = -g**3 - 2*g**2 - 7. Let h be k(0). Determine c(h).
5
Let h(d) = 1789848*d**2 - 20 - d - 1789847*d**2 + 4*d. Determine h(7).
50
Let q = -22822 - -22825. Let m(g) = g**3 - 3*g**2 - 7*g + 24. Give m(q).
3
Let x(a) be the second derivative of 0 - 15/2*a**2 - 6*a + 2/3*a**3 - 1/12*a**4. Let p(h) be the first derivative of x(h). Calculate p(8).
-12
Let f(g) be the second derivative of g**4/12 + 11*g**3/6 + 6*g**2 - 309*g - 15. Suppose 4*t = -3*y - 54, y = -4*t + t - 38. Determine f(t).
24
Let l(r) = -4*r**3 + 2464*r**2 + 5*r**3 - 4898*r**2 + 1 + 11*r + 2445*r**2. Calculate l(-10).
-9
Let f(v) = v**2 + 5*v - 11. Let m(k) = -104*k - 943. Let b be m(-9). What is f(b)?
3
Let x(p) be the third derivative of -p**5/20 - 21*p**4/8 - 11*p**3/6 + 2*p**2 - 115*p + 15. What is x(-21)?
-11
Suppose -2*s = -3*s - 5*w + 17, -4*s + 91 = -3*w. Suppose -5*f + 4*f = -s. Suppose 18*y - f*y + 24 = 0. Let d(x) = x**2 - 5*x - 6. Give d(y).
0
Let a(d) = -11*d**2 + 5 - 1448*d**3 + 1449*d**3 + 6*d + 12. What is a(10)?
-23
Let h(x) be the third derivative of x**4/24 - 13*x**3/6 + 624*x**2. Let q(b) = b**3 - 6*b**2 + 6*b + 1. Let d be q(5). Calculate h(d).
-7
Let o(f) be the third derivative of f**8/20160 + f**7/1260 - f**6/180 + f**5/30 + 19*f**3/6 - 161*f**2. Let q(b) be the third derivative of o(b). Give q(-4).
-4
Let u(s) be the third derivative of s**6/120 + 3*s**5/20 + 11*s**4/24 + 14*s**3/3 + 12*s**2 - s. Let x be u(-8). Let j(k) = -k**2 + 8*k - 4. What is j(x)?
12
Let b(i) be the first derivative of i**6/8 + i**4/24 + i**3/6 - 11*i**2/2 + 2*i - 129. Let z(l) be the second derivative of b(l). Give z(-1).
-15
Let g(s) = 3*s - 17. Let f be g(11). Suppose 8*t = f*t + 40. Let r(b) = -b**3 - 5*b**2 + b + 11. Give r(t).
6
Let y(s) be the second derivative of s**5/20 - 9*s**4/4 - s**3/6 + 10*s**2 - 826*s. Calculate y(27).
-7
Suppose -3*u + 3*c - 21 = 0, -29 = -673*u + 678*u - 3*c. Let m(t) = 3*t**2 - 3*t - 36. What is m(u)?
24
Let n(h) = -2*h - 4. Let f be n(-5). Let s be f/(-8)*(-8)/(-2). Let b(p) = -950*p - 3 + 1 + 1 + 2 + 952*p. Calculate b(s).
-5
Let l be ((-2)/8)/(117/(-5616)). Suppose 18*f + 84 = l. Let i(a) = -a**3 - 5*a**2 - 4*a. Calculate i(f).
0
Let k(g) = 9*g**3 - g**2 - g - 1. Let t be (9 + -11)*15/20 - 1/(-2). What is k(t)?
-10
Let a(m) = 2*m**3 - m**2 - 3*m + 2. Let j be ((-86)/4)/((-2)/4). Suppose -5*q + 17 + j = 0. Let w be (3/(45/q))/((-2)/(-5)). Determine a(w).
8
Let a(s) = -9*s - 22. Let u(g) = -4*g - 15. Let x(q) = 2*a(q) - 5*u(q). What is x(-19)?
-7
Let k(l) = l**3 - 19*l**2 + 35*l - 15. Let o be k(17). Let f(p) = p**3 - 3*p + 7 - 10*p**2 - 4*p - o*p**2 - 2*p**2 + 10*p**2. Give f(5).
-3
Let p = 12921 - 12939. Let m(t) = -t**2 - 19*t - 36. Give m(p).
-18
Suppose -236*l = -146*l - 90. Let i(q) = 110*q**3 - q**2 - q + 2. What is i(l)?
110
Let t(j) = -j**2 - 10*j + 10. Let z = 999 - 1009. Give t(z).
10
Let r(h) = 3298*h - 3309*h + 154*h**2 - 152*h**2. Give r(7).
21
Let m = -859583 + 859587. Let l(z) be the first derivative of -2*z**3/3 + 4*z**2 - 8*z - 1. Calculate l(m).
-8
Let l = 226 + -226. Let i(z) = z - z**2 + 60 - 23 - 27 - 22. Determine i(l).
-12
Let p(z) = -5 - 1205*z + 20 + 1206*z - 1. Let u(a) = 1 - 2 - a**2 - 12*a + 13*a. Let r be u(3). Calculate p(r).
7
Let b(i) = i**2 + 42*i + 40. Let x be b(-41). Let g(r) be the second derivative of r**4/2 + r**3/3 + r**2 - r + 11. What is g(x)?
6
Let s(m) be the third derivative of -9*m**2 - 5 - 1/6*m**3 + 0*m**4 + 13/40*m**6 + 1/30*m**5 + 0*m. What is s(1)?
40
Let g(a) = 16 - 4 